 8, what is -3 - 2137517?
-2137522
In base 7, what is 2 + -243001?
-242666
In base 11, what is 10 + 6247?
6257
In base 8, what is -4664 + -1?
-4665
In base 10, what is -736 - -24?
-712
In base 3, what is -1120201020 - 2?
-1120201022
In base 8, what is 761 + 132?
1113
In base 11, what is aa938 + -5?
aa933
In base 10, what is 366786 + -3?
366783
In base 13, what is 1559 + -398?
1191
In base 12, what is 664 - 146?
51a
In base 9, what is 4182508 + -4?
4182504
In base 3, what is 10 - 10220020?
-10220010
In base 13, what is -1714 + 45?
-169c
In base 12, what is -3b + -18?
-57
In base 3, what is 1100220110 + 11?
1100220121
In base 2, what is -1000010010111001 - 10111?
-1000010011010000
In base 15, what is -3 - -24d8?
24d5
In base 8, what is -13575 - -552?
-13023
In base 7, what is -32030 + -55?
-32115
In base 7, what is -130 - 1116?
-1246
In base 16, what is 18ac + -1?
18ab
In base 3, what is -22210211122 - -100?
-22210211022
In base 4, what is -310101 + 21?
-310020
In base 13, what is -2 + -91c3?
-91c5
In base 2, what is 0 + 1010100100110101?
1010100100110101
In base 6, what is -332 + -153?
-525
In base 2, what is 11001011011010 - -101010?
11001100000100
In base 11, what is -a3 - -5910?
5818
In base 5, what is -1114 - -2242?
1123
In base 7, what is -11 - 525?
-536
In base 11, what is -53 + 68480?
68428
In base 3, what is 12221021 - -212?
12222010
In base 11, what is 3 - -10869?
10871
In base 15, what is -2 - 3395c?
-3395e
In base 7, what is 112 - 2112?
-2000
In base 14, what is 2 - -26da?
26dc
In base 8, what is 47005 + 14?
47021
In base 3, what is 112 + -120201?
-120012
In base 14, what is 22 + -712?
-6d0
In base 7, what is 1561 - -124?
2015
In base 10, what is -16718 + 6?
-16712
In base 9, what is -132838 + 7?
-132831
In base 16, what is 9c90 + -62?
9c2e
In base 11, what is -121 + -63?
-184
In base 12, what is 2 - -4055?
4057
In base 5, what is -42 + -1302041?
-1302133
In base 16, what is 12 - 9a8?
-996
In base 3, what is 2 - 101002110011?
-101002110002
In base 2, what is -10111011101 + -101?
-10111100010
In base 10, what is 2 + -30616?
-30614
In base 15, what is -1bc - -60?
-15c
In base 5, what is 1 - -112144312?
112144313
In base 6, what is 3554 + 151?
4145
In base 2, what is -1000101 - -100010011?
11001110
In base 6, what is 5 + -42112?
-42103
In base 11, what is -2a3 + 3503?
3210
In base 16, what is bbba1 + 1?
bbba2
In base 14, what is 164c9 - 8?
164c1
In base 5, what is -10 - 422244412?
-422244422
In base 9, what is -6258 - -332?
-5826
In base 8, what is 202 - 1025?
-623
In base 2, what is 10001001111100001100 + -11?
10001001111100001001
In base 15, what is -5 + 5a1ec?
5a1e7
In base 4, what is -11 + -1021313?
-1021330
In base 14, what is 1 + 3245d?
32460
In base 15, what is 1e96 + -63?
1e33
In base 12, what is -322 - -88?
-256
In base 5, what is 23434 - -2244?
31233
In base 8, what is 11423 - 17?
11404
In base 16, what is 2 + -2cf99?
-2cf97
In base 6, what is -144344 + -1?
-144345
In base 15, what is -19860b + 0?
-19860b
In base 4, what is 1112320111 - -10?
1112320121
In base 7, what is 164510 + 2?
164512
In base 12, what is -10 + 1858b?
1857b
In base 2, what is -1000101 - -1010000011111000?
1010000010110011
In base 13, what is -998 + 7?
-991
In base 3, what is -10 + -200020202220?
-200020210000
In base 9, what is -6445 - 346?
-6802
In base 8, what is 1 - 41152?
-41151
In base 15, what is -c + aa451?
aa444
In base 15, what is 56661 + 2?
56663
In base 7, what is -3 - -244340?
244334
In base 10, what is 292 - -304?
596
In base 9, what is 7362 + 115?
7477
In base 2, what is -1 + -1010101010001001?
-1010101010001010
In base 5, what is -33 + 130024?
124441
In base 6, what is 1554015 + -4?
1554011
In base 4, what is 1302 - 1220131?
-1212223
In base 14, what is -3c166 + -4?
-3c16a
In base 14, what is -6a5 + -a4?
-769
In base 12, what is -16658 + 4?
-16654
In base 8, what is -3313 + 12?
-3301
In base 10, what is 52 - 140076?
-140024
In base 16, what is b24b + -4?
b247
In base 7, what is 3416 + -45?
3341
In base 2, what is -11011 + 1010110110000?
1010110010101
In base 9, what is 21 + 2102?
2123
In base 10, what is -89 + -39?
-128
In base 15, what is -1de99b - 5?
-1de9a1
In base 11, what is 1 + -11993?
-11992
In base 4, what is 103121332 + -3?
103121323
In base 7, what is 40155 + 3?
40161
In base 7, what is 54315 + 5?
54323
In base 13, what is 0 + -238469?
-238469
In base 3, what is 211122201201 - -12?
211122201220
In base 7, what is 13 + -63546?
-63533
In base 5, what is -213220 - -12?
-213203
In base 12, what is -277a97 - 2?
-277a99
In base 13, what is -40 + 132?
c2
In base 8, what is -13012033 - 2?
-13012035
In base 11, what is 56269 + -5?
56264
In base 9, what is 3 - -643102?
643105
In base 9, what is 7603 + -138?
7454
In base 11, what is -a + a08a4?
a0895
In base 12, what is -2 - -14537?
14535
In base 15, what is -6e7c - b?
-6e88
In base 4, what is 2 + 332210?
332212
In base 11, what is -a + 7003?
6aa4
In base 16, what is 68e6 + -1?
68e5
In base 11, what is 64 + -467?
-403
In base 11, what is 13a21 + 2?
13a23
In base 12, what is 18a63 - 1?
18a62
In base 11, what is 429389 + 1?
42938a
In base 2, what is -10100100111001 + -1101101?
-10100110100110
In base 7, what is -204 - -333?
126
In base 2, what is -1010100000 + 110001?
-1001101111
In base 14, what is -9 - 197c?
-1987
In base 14, what is -d54c1 - 1?
-d54c2
In base 6, what is 101343 + -505?
100434
In base 3, what is -12110000 + -2121?
-12112121
In base 11, what is -19 - 5930?
-5949
In base 10, what is 707 - -26?
733
In base 3, what is -1110010 - -2220?
-1100020
In base 3, what is 102 - 11021101111?
-11021101002
In base 5, what is -13 - 120?
-133
In base 9, what is -10757 - 11?
-10768
In base 10, what is -1127141 + 5?
-1127136
In base 11, what is -356a0 - 6?
-356a6
In base 12, what is 1867a + -2?
18678
In base 10, what is 4 - 3409?
-3405
In base 15, what is -543 + d?
-535
In base 4, what is 313 - -11232?
12211
In base 13, what is 56c3 + 35?
5728
In base 13, what is 4 + -1a177?
-1a173
In base 9, what is 283 + -152?
131
In base 4, what is 330311220 + 11?
330311231
In base 15, what is c - 31d0a?
-31ced
In base 12, what is 2 + 2a222?
2a224
In base 9, what is 64 + -18833?
-18758
In base 14, what is -a - -7bbc4?
7bbb8
In base 14, what is 6549 - -9?
6554
In base 3, what is -222001 + 20002?
-201222
In base 3, what is 10100 - 11020210?
-11010110
In base 11, what is 24 - -aa5?
1019
In base 16, what is -218 + -6a?
-282
In base 16, what is c - -1dc?
1e8
In base 6, what is -1 - 1312321?
-1312322
In base 10, what is -4166 - 1?
-4167
In base 15, what is -3824b + -5?
-38251
In base 2, what is 111000011101000011 + 101?
111000011101001000
In base 7, what is -5 + 450453?
450445
In base 13, what is -6c7b6 + -5?
-6c7bb
In base 14, what is 759 + -95?
6a4
In base 13, what is -1a40 - 2?
-1a42
In base 4, what is 0 + 203002300?
203002300
In base 14, what is -2ada8b + -4?
-2ada91
In base 10, what is 102221 - -9?
102230
In base 6, what is 54 - 2011014?
-2010520
In base 13, what is -9 + -8a48?
-8a54
In base 4, what is 2221 + -1231213?
-1222332
In base 7, what is -3155651 + 0?
-3155651
In base 10, what is -3407 - -11?
-3396
In base 7, what is 106 + -464?
-355
In base 10, what is 2 - 14280?
-14278
In base 8, what is -11437 - 23?
-11462
In base 6, what is 21 - -12444?
12505
In base 11, what is 1a9619 - 6?
1a9613
In base 6, what is 3 - -511211?
511214
In base 2, what is 1001000001 - 11100?
1000100101
In base 6, what is 330 - -42303?
43033
In base 5, what is 42230 - 221?
42004
In base 9, what is 4325 + 1061?
5386
In base 9, what is -2 - 20186?
-20188
In base 4, what is -20323 + -3302?
-30231
In base 2, what is 110110001 - 100101000000?
-11110001111
In base 12, what is 4 - -5ba162?
5ba166
In base 7, what is -1466 + 1523?
24
In base 15, what is e8a + 6?
e91
In base 10, what is -44219 + 19?
-44200
In base 5, what is 220 - -130?
400
In base 15, what is 16e + -165?
9
In base 7, what is -60455 + -1?
-60456
In base 5, what is -102041044 - 1?
-102041100
In base 4, what is 321130 + 21?
321211
In base 13, what is -6c - 7a8?
-847
In base 5, what is -2041 - 312311?
-314402
In base 7, what is 3 - 520535?
-520532
In base 6, what is 223 + -2201?
-1534
In base 16, what is ac51 + -7?
ac4a
In base 15, what is 16 + 646?
65c
In base 7, what is -1